{"id":15618,"date":"2021-03-21T18:20:48","date_gmt":"2021-03-21T17:20:48","guid":{"rendered":"https:\/\/rawgroup.org\/?post_type=product&#038;p=15618"},"modified":"2022-05-10T08:12:55","modified_gmt":"2022-05-10T06:12:55","slug":"goyave-au-100g","status":"publish","type":"product","link":"https:\/\/rawgroup.org\/?product=goyave-au-100g","title":{"rendered":"Goyave, au 100g"},"content":{"rendered":"<p>La goyave est un fruit tropical tr\u00e8s parfum\u00e9. A la peau fine et fragile, sa chair peut \u00eatre blanche, jaune, ou rose. <\/p>\n<p>La goyave est riche en pectine, en vitamines A, B et C ; la goyave est plus riche en vitamine C que les agrumes habituels, la peau comestible en contenant pr\u00e8s de cinq fois plus qu&rsquo;une orange. Elle contient aussi des quantit\u00e9s importantes de calcium, ce qui est peu courant dans un fruit.<\/p>\n<p>Le fruit peut \u00eatre consomm\u00e9 entier. Il se pr\u00eate tr\u00e8s bien \u00e0 la pr\u00e9paration de jus ou de nectar. Comme son parfum est tr\u00e8s appr\u00e9ci\u00e9, on en fait \u00e9galement des sorbets, du sirop, de la p\u00e2te de fruit et de la gel\u00e9e qui est tr\u00e8s appr\u00e9ci\u00e9e dans les p\u00e2tisseries.<\/p>\n","protected":false},"excerpt":{"rendered":"<p>Goyave, origine Andalousie, prix pour 100g<br \/>\nLa chair peut \u00eatre blanche ou rose, suivant les arrivages et saison.<\/p>\n","protected":false},"featured_media":15619,"comment_status":"closed","ping_status":"closed","template":"","meta":[],"product_brand":[],"product_cat":[58,19],"product_tag":[166,165,164,122],"class_list":{"0":"post-15618","1":"product","2":"type-product","3":"status-publish","4":"has-post-thumbnail","6":"product_cat-fruits-frais","7":"product_cat-boutique","8":"product_tag-bio","9":"product_tag-fruit","10":"product_tag-goyave","11":"product_tag-tropical","12":"product_shipping_class-frais","14":"first","15":"outofstock","16":"shipping-taxable","17":"purchasable","18":"product-type-simple"},"jetpack_sharing_enabled":true,"_links":{"self":[{"href":"https:\/\/rawgroup.org\/index.php?rest_route=\/wp\/v2\/product\/15618","targetHints":{"allow":["GET"]}}],"collection":[{"href":"https:\/\/rawgroup.org\/index.php?rest_route=\/wp\/v2\/product"}],"about":[{"href":"https:\/\/rawgroup.org\/index.php?rest_route=\/wp\/v2\/types\/product"}],"replies":[{"embeddable":true,"href":"https:\/\/rawgroup.org\/index.php?rest_route=%2Fwp%2Fv2%2Fcomments&post=15618"}],"wp:featuredmedia":[{"embeddable":true,"href":"https:\/\/rawgroup.org\/index.php?rest_route=\/wp\/v2\/media\/15619"}],"wp:attachment":[{"href":"https:\/\/rawgroup.org\/index.php?rest_route=%2Fwp%2Fv2%2Fmedia&parent=15618"}],"wp:term":[{"taxonomy":"product_brand","embeddable":true,"href":"https:\/\/rawgroup.org\/index.php?rest_route=%2Fwp%2Fv2%2Fproduct_brand&post=15618"},{"taxonomy":"product_cat","embeddable":true,"href":"https:\/\/rawgroup.org\/index.php?rest_route=%2Fwp%2Fv2%2Fproduct_cat&post=15618"},{"taxonomy":"product_tag","embeddable":true,"href":"https:\/\/rawgroup.org\/index.php?rest_route=%2Fwp%2Fv2%2Fproduct_tag&post=15618"}],"curies":[{"name":"wp","href":"https:\/\/api.w.org\/{rel}","templated":true}]}}