{"id":15473,"date":"2021-03-08T02:09:11","date_gmt":"2021-03-08T01:09:11","guid":{"rendered":"https:\/\/rawgroup.org\/?post_type=product&#038;p=15473"},"modified":"2025-02-22T11:17:58","modified_gmt":"2025-02-22T10:17:58","slug":"miel-de-fleur-doranger-1kg","status":"publish","type":"product","link":"https:\/\/rawgroup.org\/?product=miel-de-fleur-doranger-1kg","title":{"rendered":"Miel de fleur d&rsquo;oranger, 1kg"},"content":{"rendered":"<p>Miel de fleur d&rsquo;oranger, qualit\u00e9 crue, origine Espagne<\/p>\n<p>Miel BiO, non chauff\u00e9e<br \/>\nLes abeilles n\u2019ont pas \u00e9t\u00e9 compl\u00e9ment\u00e9es au sucre <\/p>\n","protected":false},"excerpt":{"rendered":"<p>Miel de fleur d&#8217;oranger 1kg, qualit\u00e9 crue, origine Espagne<\/p>\n<p>Miel BiO, non chauff\u00e9e<br \/>\nLes abeilles n\u2019ont pas \u00e9t\u00e9 compl\u00e9ment\u00e9es au sucre <\/p>\n","protected":false},"featured_media":15474,"comment_status":"closed","ping_status":"closed","template":"","meta":[],"product_brand":[],"product_cat":[24],"product_tag":[152,153,150,149,75,155,151,154],"class_list":{"0":"post-15473","1":"product","2":"type-product","3":"status-publish","4":"has-post-thumbnail","6":"product_cat-miels","7":"product_tag-azahar","8":"product_tag-bigaradier","9":"product_tag-fleur","10":"product_tag-miel","11":"product_tag-orange","12":"product_tag-orange-amer","13":"product_tag-oranger","14":"product_tag-petitgrain","15":"product_shipping_class-sec","17":"first","18":"onbackorder","19":"shipping-taxable","20":"purchasable","21":"product-type-simple"},"jetpack_sharing_enabled":true,"_links":{"self":[{"href":"https:\/\/rawgroup.org\/index.php?rest_route=\/wp\/v2\/product\/15473","targetHints":{"allow":["GET"]}}],"collection":[{"href":"https:\/\/rawgroup.org\/index.php?rest_route=\/wp\/v2\/product"}],"about":[{"href":"https:\/\/rawgroup.org\/index.php?rest_route=\/wp\/v2\/types\/product"}],"replies":[{"embeddable":true,"href":"https:\/\/rawgroup.org\/index.php?rest_route=%2Fwp%2Fv2%2Fcomments&post=15473"}],"wp:featuredmedia":[{"embeddable":true,"href":"https:\/\/rawgroup.org\/index.php?rest_route=\/wp\/v2\/media\/15474"}],"wp:attachment":[{"href":"https:\/\/rawgroup.org\/index.php?rest_route=%2Fwp%2Fv2%2Fmedia&parent=15473"}],"wp:term":[{"taxonomy":"product_brand","embeddable":true,"href":"https:\/\/rawgroup.org\/index.php?rest_route=%2Fwp%2Fv2%2Fproduct_brand&post=15473"},{"taxonomy":"product_cat","embeddable":true,"href":"https:\/\/rawgroup.org\/index.php?rest_route=%2Fwp%2Fv2%2Fproduct_cat&post=15473"},{"taxonomy":"product_tag","embeddable":true,"href":"https:\/\/rawgroup.org\/index.php?rest_route=%2Fwp%2Fv2%2Fproduct_tag&post=15473"}],"curies":[{"name":"wp","href":"https:\/\/api.w.org\/{rel}","templated":true}]}}