{"id":15455,"date":"2021-03-08T01:35:27","date_gmt":"2021-03-08T00:35:27","guid":{"rendered":"https:\/\/rawgroup.org\/?post_type=product&#038;p=15455"},"modified":"2024-06-08T07:30:02","modified_gmt":"2024-06-08T05:30:02","slug":"poivron-ramiro-rouge-au-500g","status":"publish","type":"product","link":"https:\/\/rawgroup.org\/?product=poivron-ramiro-rouge-au-500g","title":{"rendered":"Poivron Ramiro rouge, au 500g"},"content":{"rendered":"<p>Le poivron est le symbole de l&rsquo;\u00e9t\u00e9 que l&rsquo;on retrouve aussi bien dans les salades que dans les ratatouilles. Il est peu calorique, riche en vitamine et se cuisine facilement. Ce l\u00e9gume-fruit est originaire du Mexique et aurait \u00e9t\u00e9 ramen\u00e9 en Europe par Christophe Colomb.<\/p>\n","protected":false},"excerpt":{"rendered":"<p>Poivron ramiro rouge, origine Espagne, Andalousie, prix pour 500g<br \/>\nTaille et forme en fonction de l&#8217;arrivage<\/p>\n","protected":false},"featured_media":15456,"comment_status":"closed","ping_status":"closed","template":"","meta":[],"product_brand":[],"product_cat":[58,19],"product_tag":[100,142,95],"class_list":{"0":"post-15455","1":"product","2":"type-product","3":"status-publish","4":"has-post-thumbnail","6":"product_cat-fruits-frais","7":"product_cat-boutique","8":"product_tag-poivron","9":"product_tag-ramiro","10":"product_tag-rouge","11":"product_shipping_class-frais","13":"first","14":"onbackorder","15":"shipping-taxable","16":"purchasable","17":"product-type-simple"},"jetpack_sharing_enabled":true,"_links":{"self":[{"href":"https:\/\/rawgroup.org\/index.php?rest_route=\/wp\/v2\/product\/15455","targetHints":{"allow":["GET"]}}],"collection":[{"href":"https:\/\/rawgroup.org\/index.php?rest_route=\/wp\/v2\/product"}],"about":[{"href":"https:\/\/rawgroup.org\/index.php?rest_route=\/wp\/v2\/types\/product"}],"replies":[{"embeddable":true,"href":"https:\/\/rawgroup.org\/index.php?rest_route=%2Fwp%2Fv2%2Fcomments&post=15455"}],"wp:featuredmedia":[{"embeddable":true,"href":"https:\/\/rawgroup.org\/index.php?rest_route=\/wp\/v2\/media\/15456"}],"wp:attachment":[{"href":"https:\/\/rawgroup.org\/index.php?rest_route=%2Fwp%2Fv2%2Fmedia&parent=15455"}],"wp:term":[{"taxonomy":"product_brand","embeddable":true,"href":"https:\/\/rawgroup.org\/index.php?rest_route=%2Fwp%2Fv2%2Fproduct_brand&post=15455"},{"taxonomy":"product_cat","embeddable":true,"href":"https:\/\/rawgroup.org\/index.php?rest_route=%2Fwp%2Fv2%2Fproduct_cat&post=15455"},{"taxonomy":"product_tag","embeddable":true,"href":"https:\/\/rawgroup.org\/index.php?rest_route=%2Fwp%2Fv2%2Fproduct_tag&post=15455"}],"curies":[{"name":"wp","href":"https:\/\/api.w.org\/{rel}","templated":true}]}}