{"id":13440,"date":"2020-04-12T15:33:59","date_gmt":"2020-04-12T13:33:59","guid":{"rendered":"https:\/\/rawgroup.org\/?post_type=product&#038;p=13440"},"modified":"2024-11-20T20:51:43","modified_gmt":"2024-11-20T19:51:43","slug":"patates-douces-500g","status":"publish","type":"product","link":"https:\/\/rawgroup.org\/?product=patates-douces-500g","title":{"rendered":"Patates douces, 500g"},"content":{"rendered":"<p>La patate douce n\u2019est pas apparent\u00e9e \u00e0 la pomme de terre, malgr\u00e9 son nom. Elle est dot\u00e9e d&rsquo;une tr\u00e8s grande richesse en pro-vitamine A (ou b\u00eata-carot\u00e8ne). Elle fournit aussi une \u00e9nergie de longue dur\u00e9e, gr\u00e2ce \u00e0 l\u2019amidon qu\u2019elle renferme.<\/p>\n","protected":false},"excerpt":{"rendered":"<p>Patates douces, origine Espagne, prix pour 500g<\/p>\n","protected":false},"featured_media":13441,"comment_status":"closed","ping_status":"closed","template":"","meta":[],"product_brand":[],"product_cat":[58,19],"product_tag":[139,137,136,138],"class_list":{"0":"post-13440","1":"product","2":"type-product","3":"status-publish","4":"has-post-thumbnail","6":"product_cat-fruits-frais","7":"product_cat-boutique","8":"product_tag-boniato","9":"product_tag-douce","10":"product_tag-patate","11":"product_tag-sweet-potato","12":"product_shipping_class-frais","14":"first","15":"onbackorder","16":"shipping-taxable","17":"purchasable","18":"product-type-simple"},"jetpack_sharing_enabled":true,"_links":{"self":[{"href":"https:\/\/rawgroup.org\/index.php?rest_route=\/wp\/v2\/product\/13440","targetHints":{"allow":["GET"]}}],"collection":[{"href":"https:\/\/rawgroup.org\/index.php?rest_route=\/wp\/v2\/product"}],"about":[{"href":"https:\/\/rawgroup.org\/index.php?rest_route=\/wp\/v2\/types\/product"}],"replies":[{"embeddable":true,"href":"https:\/\/rawgroup.org\/index.php?rest_route=%2Fwp%2Fv2%2Fcomments&post=13440"}],"wp:featuredmedia":[{"embeddable":true,"href":"https:\/\/rawgroup.org\/index.php?rest_route=\/wp\/v2\/media\/13441"}],"wp:attachment":[{"href":"https:\/\/rawgroup.org\/index.php?rest_route=%2Fwp%2Fv2%2Fmedia&parent=13440"}],"wp:term":[{"taxonomy":"product_brand","embeddable":true,"href":"https:\/\/rawgroup.org\/index.php?rest_route=%2Fwp%2Fv2%2Fproduct_brand&post=13440"},{"taxonomy":"product_cat","embeddable":true,"href":"https:\/\/rawgroup.org\/index.php?rest_route=%2Fwp%2Fv2%2Fproduct_cat&post=13440"},{"taxonomy":"product_tag","embeddable":true,"href":"https:\/\/rawgroup.org\/index.php?rest_route=%2Fwp%2Fv2%2Fproduct_tag&post=13440"}],"curies":[{"name":"wp","href":"https:\/\/api.w.org\/{rel}","templated":true}]}}