{"id":12920,"date":"2020-03-25T14:26:24","date_gmt":"2020-03-25T13:26:24","guid":{"rendered":"http:\/\/rawgroup.org\/?post_type=product&#038;p=12920"},"modified":"2021-12-11T21:38:14","modified_gmt":"2021-12-11T20:38:14","slug":"pasteque-rayee-du-senegal-piece-denviron-5kg-prix-au-kg","status":"publish","type":"product","link":"https:\/\/rawgroup.org\/?product=pasteque-rayee-du-senegal-piece-denviron-5kg-prix-au-kg","title":{"rendered":"Past\u00e8que ray\u00e9e ou noire, Andalousie, pi\u00e8ce d&rsquo;environ 3kg, prix au kg"},"content":{"rendered":"<p>La past\u00e8que est le fruit le plus riche en eau et a un excellent pouvoir d\u00e9salt\u00e9rant. Elle contient jusqu&rsquo;\u00e0 90% d&rsquo;eau et est pauvre en calories (30kcal pour 100 gr). Elle a un indice de sati\u00e9t\u00e9 \u00e9lev\u00e9 et est donc indiqu\u00e9e pour un r\u00e9gime alimentaire hypocalorique.<\/p>\n","protected":false},"excerpt":{"rendered":"<p>Past\u00e8que ray\u00e9e, origine Espagne, prix au kg<\/p>\n","protected":false},"featured_media":12926,"comment_status":"closed","ping_status":"closed","template":"","meta":[],"product_brand":[],"product_cat":[58,19],"product_tag":[98],"class_list":{"0":"post-12920","1":"product","2":"type-product","3":"status-publish","4":"has-post-thumbnail","6":"product_cat-fruits-frais","7":"product_cat-boutique","8":"product_tag-pasteque","9":"product_shipping_class-frais","11":"first","12":"outofstock","13":"shipping-taxable","14":"purchasable","15":"product-type-simple"},"jetpack_sharing_enabled":true,"_links":{"self":[{"href":"https:\/\/rawgroup.org\/index.php?rest_route=\/wp\/v2\/product\/12920","targetHints":{"allow":["GET"]}}],"collection":[{"href":"https:\/\/rawgroup.org\/index.php?rest_route=\/wp\/v2\/product"}],"about":[{"href":"https:\/\/rawgroup.org\/index.php?rest_route=\/wp\/v2\/types\/product"}],"replies":[{"embeddable":true,"href":"https:\/\/rawgroup.org\/index.php?rest_route=%2Fwp%2Fv2%2Fcomments&post=12920"}],"wp:featuredmedia":[{"embeddable":true,"href":"https:\/\/rawgroup.org\/index.php?rest_route=\/wp\/v2\/media\/12926"}],"wp:attachment":[{"href":"https:\/\/rawgroup.org\/index.php?rest_route=%2Fwp%2Fv2%2Fmedia&parent=12920"}],"wp:term":[{"taxonomy":"product_brand","embeddable":true,"href":"https:\/\/rawgroup.org\/index.php?rest_route=%2Fwp%2Fv2%2Fproduct_brand&post=12920"},{"taxonomy":"product_cat","embeddable":true,"href":"https:\/\/rawgroup.org\/index.php?rest_route=%2Fwp%2Fv2%2Fproduct_cat&post=12920"},{"taxonomy":"product_tag","embeddable":true,"href":"https:\/\/rawgroup.org\/index.php?rest_route=%2Fwp%2Fv2%2Fproduct_tag&post=12920"}],"curies":[{"name":"wp","href":"https:\/\/api.w.org\/{rel}","templated":true}]}}