{"id":12885,"date":"2020-03-25T13:38:20","date_gmt":"2020-03-25T12:38:20","guid":{"rendered":"http:\/\/rawgroup.org\/?post_type=product&#038;p=12885"},"modified":"2024-10-09T08:37:11","modified_gmt":"2024-10-09T06:37:11","slug":"clementine-au-kg","status":"publish","type":"product","link":"https:\/\/rawgroup.org\/?product=clementine-au-kg","title":{"rendered":"Cl\u00e9mentine Cl\u00e9menvilla au 500g"},"content":{"rendered":"<p>Les cl\u00e9mentines sont d\u00e9salt\u00e9rantes, tonifiantes, stimulent le transit intestinal, et sont source d&rsquo;antioxydants. <\/p>\n","protected":false},"excerpt":{"rendered":"<p>Cl\u00e9mentine, Origine Espagne, Andalousie, sans traitement, prix pour 500g<br \/>\nTaille et vari\u00e9t\u00e9 en fonction de l&#8217;arrivage et de la saison<\/p>\n","protected":false},"featured_media":12896,"comment_status":"closed","ping_status":"closed","template":"","meta":[],"product_brand":[],"product_cat":[58,19],"product_tag":[82],"class_list":{"0":"post-12885","1":"product","2":"type-product","3":"status-publish","4":"has-post-thumbnail","6":"product_cat-fruits-frais","7":"product_cat-boutique","8":"product_tag-clementine","9":"product_shipping_class-frais","11":"first","12":"outofstock","13":"shipping-taxable","14":"purchasable","15":"product-type-simple"},"jetpack_sharing_enabled":true,"_links":{"self":[{"href":"https:\/\/rawgroup.org\/index.php?rest_route=\/wp\/v2\/product\/12885","targetHints":{"allow":["GET"]}}],"collection":[{"href":"https:\/\/rawgroup.org\/index.php?rest_route=\/wp\/v2\/product"}],"about":[{"href":"https:\/\/rawgroup.org\/index.php?rest_route=\/wp\/v2\/types\/product"}],"replies":[{"embeddable":true,"href":"https:\/\/rawgroup.org\/index.php?rest_route=%2Fwp%2Fv2%2Fcomments&post=12885"}],"wp:featuredmedia":[{"embeddable":true,"href":"https:\/\/rawgroup.org\/index.php?rest_route=\/wp\/v2\/media\/12896"}],"wp:attachment":[{"href":"https:\/\/rawgroup.org\/index.php?rest_route=%2Fwp%2Fv2%2Fmedia&parent=12885"}],"wp:term":[{"taxonomy":"product_brand","embeddable":true,"href":"https:\/\/rawgroup.org\/index.php?rest_route=%2Fwp%2Fv2%2Fproduct_brand&post=12885"},{"taxonomy":"product_cat","embeddable":true,"href":"https:\/\/rawgroup.org\/index.php?rest_route=%2Fwp%2Fv2%2Fproduct_cat&post=12885"},{"taxonomy":"product_tag","embeddable":true,"href":"https:\/\/rawgroup.org\/index.php?rest_route=%2Fwp%2Fv2%2Fproduct_tag&post=12885"}],"curies":[{"name":"wp","href":"https:\/\/api.w.org\/{rel}","templated":true}]}}