{"id":12853,"date":"2020-03-25T13:07:16","date_gmt":"2020-03-25T12:07:16","guid":{"rendered":"http:\/\/rawgroup.org\/?post_type=product&#038;p=12853"},"modified":"2026-01-29T16:21:09","modified_gmt":"2026-01-29T15:21:09","slug":"avocat-bacon-au-500g","status":"publish","type":"product","link":"https:\/\/rawgroup.org\/?product=avocat-bacon-au-500g","title":{"rendered":"Avocat Bacon, au 500g"},"content":{"rendered":"<p>Le Bacon est une vari\u00e9t\u00e9 fondante, cr\u00e9meuse sucr\u00e9e \u00e0 la peau fine, le plus doux des avocats.<\/p>\n<p>Laiss\u00e9 sur l\u2019arbre par notre producteur jusqu\u2019\u00e0 2 fois plus de temps que les avocats du commerce ; plus de nutriments, plus de gras et plus de saveur !<br \/>\nNos avocats sont livr\u00e9s tr\u00e8s souvent fermes afin qu&rsquo;ils supportent bien le transport. Ils sont r\u00e9colt\u00e9s \u00e0 pleine maturit\u00e9 physiologique, ils peuvent atteindre leur maturit\u00e9 en quelques jours apr\u00e8s r\u00e9colte.<\/p>\n<p>Saveur intense et chair remplie de nutriments gr\u00e2ce \u00e0 une r\u00e9colte \u00e0 pleine maturit\u00e9 physiologique.<\/p>\n","protected":false},"excerpt":{"rendered":"<p>Avocat Bacon par 500g<br \/>\nFin de saison, disponibilit\u00e9 incertaine<\/p>\n","protected":false},"featured_media":12855,"comment_status":"closed","ping_status":"closed","template":"","meta":[],"product_brand":[],"product_cat":[58,167,19],"product_tag":[59,63],"class_list":{"0":"post-12853","1":"product","2":"type-product","3":"status-publish","4":"has-post-thumbnail","6":"product_cat-fruits-frais","7":"product_cat-promo-de-la-semaine","8":"product_cat-boutique","9":"product_tag-avocat","10":"product_tag-bacon","11":"product_shipping_class-frais","13":"first","14":"onbackorder","15":"shipping-taxable","16":"purchasable","17":"product-type-simple"},"jetpack_sharing_enabled":true,"_links":{"self":[{"href":"https:\/\/rawgroup.org\/index.php?rest_route=\/wp\/v2\/product\/12853","targetHints":{"allow":["GET"]}}],"collection":[{"href":"https:\/\/rawgroup.org\/index.php?rest_route=\/wp\/v2\/product"}],"about":[{"href":"https:\/\/rawgroup.org\/index.php?rest_route=\/wp\/v2\/types\/product"}],"replies":[{"embeddable":true,"href":"https:\/\/rawgroup.org\/index.php?rest_route=%2Fwp%2Fv2%2Fcomments&post=12853"}],"wp:featuredmedia":[{"embeddable":true,"href":"https:\/\/rawgroup.org\/index.php?rest_route=\/wp\/v2\/media\/12855"}],"wp:attachment":[{"href":"https:\/\/rawgroup.org\/index.php?rest_route=%2Fwp%2Fv2%2Fmedia&parent=12853"}],"wp:term":[{"taxonomy":"product_brand","embeddable":true,"href":"https:\/\/rawgroup.org\/index.php?rest_route=%2Fwp%2Fv2%2Fproduct_brand&post=12853"},{"taxonomy":"product_cat","embeddable":true,"href":"https:\/\/rawgroup.org\/index.php?rest_route=%2Fwp%2Fv2%2Fproduct_cat&post=12853"},{"taxonomy":"product_tag","embeddable":true,"href":"https:\/\/rawgroup.org\/index.php?rest_route=%2Fwp%2Fv2%2Fproduct_tag&post=12853"}],"curies":[{"name":"wp","href":"https:\/\/api.w.org\/{rel}","templated":true}]}}