{"id":1181,"date":"2019-06-22T20:42:16","date_gmt":"2019-06-22T18:42:16","guid":{"rendered":"http:\/\/rawgroup.org\/?post_type=product&#038;p=1181"},"modified":"2024-12-30T11:14:33","modified_gmt":"2024-12-30T10:14:33","slug":"souchet-chufa","status":"publish","type":"product","link":"https:\/\/rawgroup.org\/?product=souchet-chufa","title":{"rendered":"Souchet \/ Chufa, 100g"},"content":{"rendered":"<p>Souchet (connu \u00e9galement sous le nom de chufa), qualit\u00e9 crue, origine Espagne<\/p>\n","protected":false},"excerpt":{"rendered":"<p><span style=\"float: none;background-color: #ffffff;color: #333333;cursor: text;font-family: Georgia,'Times New Roman','Bitstream Charter',Times,serif;font-size: 16px;font-style: normal;font-variant: normal;font-weight: 400;letter-spacing: normal;text-align: left;text-decoration: none;text-indent: 0px;text-transform: none\">Souchet (connu \u00e9galement sous le nom de chufa), qualit\u00e9 crue, origine Espagne<\/span><\/p>\n<p>Le souchet peut \u00eatre:<\/p>\n<p>&#8211; consomm\u00e9 cru (r\u00e9hydrat\u00e9 ou non) comme une amande, ou<br \/>\n&#8211; utiliser dans l&#8217;\u00e9laboration d&#8217;un lait connu sous le nom d&#8217;Horchata<\/p>\n<p>Recette de l&#8217;Horchata :<\/p>\n<ul>\n<li>Faites tremper environ 150-200g de souchet pendant au minimum 2h, au mieux une nuit<\/li>\n<li>Rincer les chufas<\/li>\n<li>Mixer les chufas au blender jusqu&#8217;\u00e0 l&#8217;obtention d&#8217;un lait uniforme<\/li>\n<li>Filtrer le lait avec un sac \u00e0 lait<\/li>\n<li>Sucrer avec du miel ou du sucre de coco<\/li>\n<li>D\u00e9guster<\/li>\n<\/ul>\n","protected":false},"featured_media":1185,"comment_status":"closed","ping_status":"closed","template":"","meta":[],"product_brand":[],"product_cat":[18],"product_tag":[],"class_list":{"0":"post-1181","1":"product","2":"type-product","3":"status-publish","4":"has-post-thumbnail","6":"product_cat-oleagineux-decortiques","7":"product_shipping_class-sec","9":"first","10":"instock","11":"shipping-taxable","12":"purchasable","13":"product-type-simple"},"jetpack_sharing_enabled":true,"_links":{"self":[{"href":"https:\/\/rawgroup.org\/index.php?rest_route=\/wp\/v2\/product\/1181","targetHints":{"allow":["GET"]}}],"collection":[{"href":"https:\/\/rawgroup.org\/index.php?rest_route=\/wp\/v2\/product"}],"about":[{"href":"https:\/\/rawgroup.org\/index.php?rest_route=\/wp\/v2\/types\/product"}],"replies":[{"embeddable":true,"href":"https:\/\/rawgroup.org\/index.php?rest_route=%2Fwp%2Fv2%2Fcomments&post=1181"}],"wp:featuredmedia":[{"embeddable":true,"href":"https:\/\/rawgroup.org\/index.php?rest_route=\/wp\/v2\/media\/1185"}],"wp:attachment":[{"href":"https:\/\/rawgroup.org\/index.php?rest_route=%2Fwp%2Fv2%2Fmedia&parent=1181"}],"wp:term":[{"taxonomy":"product_brand","embeddable":true,"href":"https:\/\/rawgroup.org\/index.php?rest_route=%2Fwp%2Fv2%2Fproduct_brand&post=1181"},{"taxonomy":"product_cat","embeddable":true,"href":"https:\/\/rawgroup.org\/index.php?rest_route=%2Fwp%2Fv2%2Fproduct_cat&post=1181"},{"taxonomy":"product_tag","embeddable":true,"href":"https:\/\/rawgroup.org\/index.php?rest_route=%2Fwp%2Fv2%2Fproduct_tag&post=1181"}],"curies":[{"name":"wp","href":"https:\/\/api.w.org\/{rel}","templated":true}]}}